 = w, -2*j + 4 = w. Let q be 4 - -3 - (6 - w). Let y be (-15)/q*2/(-6). Calculate the greatest common factor of 2 and y.
1
Suppose -4*y + 3*y - c + 78 = 0, -3*y + 209 = -2*c. Calculate the highest common factor of y and 146.
73
Suppose -11065 = -10*p - 1495. What is the greatest common divisor of 99 and p?
33
Let b(p) = 2*p**2 + 11*p - 149. Let u be b(9). Calculate the greatest common factor of u and 56.
56
Let k = -2819 - -3275. Calculate the highest common divisor of 133 and k.
19
Let n = 31 - 31. Suppose 4*h - 16*h + 120 = n. Calculate the greatest common factor of h and 20.
10
Let x = 139 - 55. Suppose -11 + 5 = m - 5*c, -2*c = 3*m - 16. Suppose -y + 105 = m*y. Calculate the greatest common factor of y and x.
21
Let o(u) = 7*u + 24. Let b be o(-10). Let d = b + 60. Calculate the greatest common divisor of d and 35.
7
Suppose -6*x = u - 4*x, -24 = -2*u + 4*x. What is the greatest common divisor of 8 and u?
2
Let r = 26 - 24. Suppose 3 = -r*b + 3*b. Calculate the greatest common divisor of b and 9.
3
Let t(k) = 2*k**2 - 15*k + 11. Let n(r) = r**2 + 9*r. Let h be n(-4). Let x = -9 - h. Let i be t(x). Calculate the highest common divisor of i and 11.
11
Suppose g = -5*s + 19, 2*s = 5*g - s - 39. Suppose 0 = 25*o - 20*o - 880. Suppose 67 + o = 9*y. Calculate the greatest common divisor of y and g.
9
Suppose -3*i + 5*r + 26 = 0, -6*r + 2*r - 14 = i. Let p = i + 0. Suppose p*h = -4 + 14. What is the highest common divisor of 25 and h?
5
Suppose 2*w - 12 + 6 = 0. Let u be (1 + w - 3) + 32. Calculate the greatest common factor of 22 and u.
11
Let f = -3854 + 3857. Let s be (22/(-6))/((-2)/18). Calculate the greatest common factor of s and f.
3
Suppose -k + 4*k = -5*r + 106, -k = 5*r - 52. Let p be (0 - -18)*(-3 - -9). What is the greatest common factor of k and p?
27
Let q be (-62)/(-4)*(-5)/((-35)/98). Suppose -3*b + 4*b = -19. Let p = 50 + b. What is the greatest common divisor of q and p?
31
Let m = 531 + -458. Calculate the highest common divisor of m and 3577.
73
Let t(d) = -d**3 - 24*d - 11. Let n be t(0). Let x = 24 + 10. Let q = x - n. Calculate the greatest common factor of 5 and q.
5
Let i be (-13 + 9)/(3*(-4)/27). What is the highest common factor of i and 576?
9
Let y = 18 + -47. Let u = y - -38. Calculate the highest common divisor of u and 72.
9
Let g be ((-2)/4)/(-3 + 1401/468). Let a = g - 45. Calculate the highest common divisor of 33 and a.
33
Suppose q - a = 1026, -q - 46*a + 50*a = -1026. Calculate the highest common factor of 108 and q.
54
Suppose 0*p = -5*y - 5*p - 345, -y - 2*p = 71. Let q = 331 + y. Let x = -26 + 50. What is the greatest common factor of q and x?
24
Let z = 14 + 70. Suppose -2*j + j + z = 0. What is the highest common divisor of j and 21?
21
Let k be 0/(8 + -4 + -7). Let t(m) = m**3 - 3*m**2 - m + 4. Let h be t(k). Calculate the highest common divisor of h and 18.
2
Let l = 11 + -1. Let c(p) = -4*p - 55. Let j be c(-14). Let x be 48 + (3 - j)*1. Calculate the greatest common factor of l and x.
10
Suppose 2*v - 48 = -2*x, 61*v - 57*v + 3*x - 93 = 0. What is the greatest common factor of 315 and v?
21
Let x be (-4)/6*(-30)/2. Suppose 0*b + 23*b - 230 = 0. Calculate the greatest common divisor of b and x.
10
Let x(a) = a**3 - 6*a**2 + a - 2. Let z be 32/6 + (-2)/(-3). Let f be x(z). Let o be f/14 + 430/14. Calculate the highest common factor of 124 and o.
31
Let m be (-4)/6*(-7 + 4). Let c = 43 + -26. Suppose -5 = -m*k + c. Calculate the highest common factor of k and 11.
11
Let d be (-5 - -2)/((-3)/(-2))*-64. Calculate the highest common divisor of d and 2.
2
Let o(f) = -f**3 - 16*f**2 - 15*f + 6. Let w be o(-15). Let h be 3 - (-14 - (-3 + w)). What is the greatest common divisor of 140 and h?
20
Let o(x) = 5*x + 27. Let q be o(-5). Suppose 5*r - 39 = q*r. What is the highest common divisor of 117 and r?
13
Let b = 83 + -67. What is the highest common factor of 176 and b?
16
Let b be -8 + 1494/189 - 550/(-42). Calculate the highest common factor of 247 and b.
13
Let l(d) = d**3 + 14*d**2 + 3*d + 16. Let g be l(-14). Let b = 18 - g. Suppose k = 5*c - 0*k - 241, c - b = -4*k. What is the highest common factor of c and 12?
12
Let t be (-9)/2*(9 + 217/(-21)). Calculate the highest common factor of 141 and t.
3
Let n = -361 - -2077. What is the greatest common factor of n and 26?
26
Suppose 90 = -0*c + 5*c. Suppose -5*s - 475 = -24*s. Let p = 37 - s. What is the highest common divisor of c and p?
6
Let t = 84 - -12. Calculate the highest common factor of 168 and t.
24
Let q(j) = j**2 + 4*j + 3. Let y be q(-2). Let d be (-1125)/(-10) + y/2. Let l = 55 + -39. Calculate the greatest common divisor of l and d.
16
Let o = 107 - 99. Calculate the greatest common divisor of 40 and o.
8
Suppose 16*o - 40*o + 504 = 0. Calculate the greatest common factor of 24 and o.
3
Suppose -4*t - 30 = -5*s + 8, 0 = -5*t + s - 37. Let h = t - -15. Let i be (-16)/10*(-45)/18. What is the highest common factor of h and i?
4
Suppose 2*i + 66 = 5*i. Let k = i - 21. Let o = 10 + -5. Calculate the highest common divisor of o and k.
1
Suppose -3*s = -9*s + 558. Let m = -74 + s. Calculate the greatest common divisor of 57 and m.
19
Suppose 2*k - j - 12 = 0, -7*j + 48 = 5*k - 5*j. Calculate the highest common factor of k and 7.
1
Let s = 15 - 13. Suppose -h = s*h - 18. What is the highest common factor of 2 and h?
2
Let o be 4 - 161/(-7)*1. Let j(h) = 150*h - 3. Let g be j(2). What is the greatest common factor of o and g?
27
Let x(f) = -f**2 - 10*f - 9. Let u be x(-11). Let w be 2 + (-5)/(u/16). Calculate the highest common divisor of w and 3.
3
Suppose 2*b - 73 = -9. Suppose -2*s + 9 = f, 3*f + 3*s + 4 = 16. Let c(w) = -3*w + 1. Let o be c(f). Calculate the highest common factor of b and o.
4
Let k = 0 - -4. Suppose 6 = t + k. Let q = t - -12. Calculate the greatest common divisor of 112 and q.
14
Suppose 5*x - 4*a = 1552, -10*x = 18*a - 20*a - 3086. Calculate the greatest common divisor of 56 and x.
28
Let k = 9 - -1. Suppose -n + 265 = 5*l + 4*n, 0 = 5*l - 5*n - 235. Let b be ((-112)/(-35))/(2/l - 0). What is the greatest common divisor of b and k?
10
Suppose z + 63 - 455 = 0. Calculate the highest common divisor of z and 49.
49
Suppose -c = -5, -2*c + 7*c = -3*a + 40. Suppose 0 = a*h - 393 + 153. Calculate the greatest common divisor of 16 and h.
16
Let u be (-5)/(125/(-20))*(234 + 1). Calculate the highest common factor of 94 and u.
94
Let b = -38 + 45. Suppose 1 = y - b. What is the greatest common divisor of 64 and y?
8
Let d(l) = 4*l + 8. Let h(n) = 5*n + 7. Let y(k) = -6*d(k) + 5*h(k). Let a be y(16). Suppose -a*t + 136 = -125. Calculate the highest common factor of 58 and t.
29
Suppose -2*g + 0*g + 352 = 0. Let p = g - 168. What is the greatest common divisor of 20 and p?
4
Suppose 3*h + 33 = 114. Calculate the highest common divisor of 54 and h.
27
Let l = 1208 - 983. What is the greatest common factor of 100 and l?
25
Let l(q) = q**3 + 11*q**2 - 8*q - 18. Let c be l(-8). Calculate the greatest common factor of 68 and c.
34
Suppose -5*u - 137 = -2*h + 51, 5*h - 470 = u. What is the greatest common factor of h and 376?
94
Let h = -487 - -523. Calculate the highest common factor of 24 and h.
12
Suppose 5*s - 53 = 3*n, -3*s - 29 = -6*s - n. Let i = -87 + 157. Calculate the greatest common factor of s and i.
10
Let o(b) = -13*b**2 - 5*b - 2. Let q(g) = 27*g**2 + 9*g + 3. Let c(p) = 11*o(p) + 6*q(p). Let u be c(2). What is the greatest common factor of u and 175?
35
Suppose 3*j - 6 = 0, 0 = -3*k - 91*j + 95*j + 277. What is the highest common factor of 40 and k?
5
Suppose 3*b = -0*h + h + 67, -2*h + 108 = 5*b. Calculate the greatest common divisor of 187 and b.
11
Let d be -5 + 6 + -1 + 24. Suppose 4*k + 0*y = 2*y + 70, 0 = 2*k - 2*y - 36. Let f = k - 5. Calculate the greatest common divisor of f and d.
12
Let x(b) = b**3 + 6*b**2 - 3*b - 1. Let k be x(-8). Let a = k + 225. What is the highest common divisor of a and 24?
24
Suppose 4*g + 41 = r, 0*g - 19 = 2*g - r. Let y = 14 + g. What is the greatest common factor of y and 2?
1
Let m = -91 - -178. Let x = m - -24. What is the greatest common divisor of 37 and x?
37
Suppose 4*b - 6*b - 92 = 0. Let h = 81 + b. Calculate the greatest common divisor of 5 and h.
5
Let h be (916/8 + -2)*(-